{"id":1089,"date":"2023-07-07T19:21:04","date_gmt":"2023-07-07T19:21:04","guid":{"rendered":"https:\/\/applefoundation.unisannio.it\/?page_id=1089"},"modified":"2025-09-03T13:38:17","modified_gmt":"2025-09-03T11:38:17","slug":"bando-e-domanda","status":"publish","type":"page","link":"https:\/\/applefoundation.unisannio.it\/index.php\/bando-e-domanda\/","title":{"rendered":"Bando e domanda"},"content":{"rendered":"\n<p class=\"has-theme-palette-3-color has-text-color has-link-color wp-elements-6167286a9464f7f4c1cf6439ba3d2747\">\u00c8 stato indetto un bando di selezione per l\u2019ammissione al corso attivato nell&#8217;ambito del Programma iOS Foundation finalizzato allo sviluppo iOS.<\/p>\n\n\n\n<p><a href=\"https:\/\/applefoundation.unisannio.it\/wp-content\/uploads\/2025\/09\/DD-n.267.2025_BANDO-DI-AMMISSIONE-ALLIEVI-IOS_2025_2_signed.pdf\">Bando di selezione iOS Settembre\/Ottobre 2025<\/a><\/p>\n\n\n\n<p><\/p>\n\n\n\n<p class=\"has-theme-palette-3-color has-text-color has-link-color wp-elements-1b03a12fce101f27a75dc5303c46cbd5\">Il corso avr\u00e0 una durata di quattro settimane e si terr\u00e0 a partire dal 29 Settembre 2025 e terminer\u00e0 il 24 Ottobre 2025.<\/p>\n\n\n\n<p class=\"has-theme-palette-3-color has-text-color has-link-color wp-elements-8cb5ad1acfa0fe8652d94313ee9e8161\">Il calendario del corso sar\u00e0 il seguente:<\/p>\n\n\n\n<ul class=\"wp-block-list\">\n<li class=\"has-theme-palette-3-color has-text-color has-link-color wp-elements-ddb0fbba3f347bfc7436079146e544af\">29\/09\/2025 \u2013 17\/10\/2025: attivit\u00e0 di formazione;<\/li>\n\n\n\n<li class=\"has-theme-palette-3-color has-text-color has-link-color wp-elements-be8ea993bc13ec48d2e0a37d9395c588\">20\/10\/2025 \u2013 24\/10\/2025: sviluppo applicazione.<\/li>\n<\/ul>\n\n\n\n<p class=\"has-theme-palette-3-color has-text-color has-link-color wp-elements-fb5537dcd2f72da037f67b0772bb7fcc\">La partecipazione \u00e8 aperta a:<\/p>\n\n\n\n<ul class=\"wp-block-list\">\n<li class=\"has-theme-palette-3-color has-text-color has-link-color wp-elements-e8bdb43ce65420adf6f0790aeacef166\">studenti iscritti ad uno dei corsi di Laurea Triennale\/Magistrale erogati dall&#8217;Universit\u00e0 degli Studi del Sannio;<\/li>\n\n\n\n<li class=\"has-theme-palette-3-color has-text-color has-link-color wp-elements-d2b776f460a2c0fb071d7d719d9c8d9d\">studenti esterni all&#8217;Ateneo.<\/li>\n<\/ul>\n\n\n\n<p class=\"has-theme-palette-3-color has-text-color has-link-color wp-elements-160ad6edc28de91be77c4cda0ffe1e33\">La richiesta di ammissione va compilata online attraverso i seguenti link:<\/p>\n\n\n\n<ul class=\"wp-block-list\">\n<li class=\"has-theme-palette-3-color has-text-color has-link-color wp-elements-c1e220603eb9ed41f95d84b03c3ab3e5\">per gli studenti iscritti all&#8217;Universit\u00e0 del Sannio -&gt;&nbsp;<a href=\"https:\/\/applefoundation.unisannio.it\/index.php\/iscritti-alluniversita-del-sannio\/\">Iscritti all&#8217;Universit\u00e0 del Sannio<\/a><\/li>\n\n\n\n<li class=\"has-theme-palette-3-color has-text-color has-link-color wp-elements-2e0adf755fb2341c172486cf66b5dc2d\">per gli studenti esterni all&#8217;Universit\u00e0 del Sannio -&gt;&nbsp;<a href=\"https:\/\/applefoundation.unisannio.it\/index.php\/esterni-alluniversita-del-sannio\/\">Esterni all&#8217;universit\u00e0 del Sannio<\/a><\/li>\n<\/ul>\n\n\n\n<p class=\"has-theme-palette-3-color has-text-color has-link-color wp-elements-c805b53801a11dcba8b865f479620bc8\"><strong>La scadenza per la presentazione della richiesta di ammissione \u00e8 fissata alle ore 12:00 del 13\/01\/2025.<\/strong><\/p>\n\n\n\n<p><\/p>\n","protected":false},"excerpt":{"rendered":"<p>\u00c8 stato indetto un bando di selezione per l\u2019ammissione al corso attivato nell&#8217;ambito del Programma iOS Foundation finalizzato allo sviluppo iOS. Bando di selezione iOS Settembre\/Ottobre 2025 Il corso avr\u00e0 una durata di quattro settimane e si terr\u00e0 a partire dal 29 Settembre 2025 e terminer\u00e0 il 24 Ottobre 2025. Il calendario del corso sar\u00e0&#8230;<\/p>\n","protected":false},"author":1,"featured_media":0,"parent":0,"menu_order":0,"comment_status":"closed","ping_status":"closed","template":"","meta":{"_kadence_starter_templates_imported_post":false,"_kad_post_transparent":"","_kad_post_title":"","_kad_post_layout":"","_kad_post_sidebar_id":"","_kad_post_content_style":"","_kad_post_vertical_padding":"","_kad_post_feature":"","_kad_post_feature_position":"","_kad_post_header":false,"_kad_post_footer":false,"footnotes":""},"class_list":["post-1089","page","type-page","status-publish","hentry"],"_links":{"self":[{"href":"https:\/\/applefoundation.unisannio.it\/index.php\/wp-json\/wp\/v2\/pages\/1089","targetHints":{"allow":["GET"]}}],"collection":[{"href":"https:\/\/applefoundation.unisannio.it\/index.php\/wp-json\/wp\/v2\/pages"}],"about":[{"href":"https:\/\/applefoundation.unisannio.it\/index.php\/wp-json\/wp\/v2\/types\/page"}],"author":[{"embeddable":true,"href":"https:\/\/applefoundation.unisannio.it\/index.php\/wp-json\/wp\/v2\/users\/1"}],"replies":[{"embeddable":true,"href":"https:\/\/applefoundation.unisannio.it\/index.php\/wp-json\/wp\/v2\/comments?post=1089"}],"version-history":[{"count":22,"href":"https:\/\/applefoundation.unisannio.it\/index.php\/wp-json\/wp\/v2\/pages\/1089\/revisions"}],"predecessor-version":[{"id":1315,"href":"https:\/\/applefoundation.unisannio.it\/index.php\/wp-json\/wp\/v2\/pages\/1089\/revisions\/1315"}],"wp:attachment":[{"href":"https:\/\/applefoundation.unisannio.it\/index.php\/wp-json\/wp\/v2\/media?parent=1089"}],"curies":[{"name":"wp","href":"https:\/\/api.w.org\/{rel}","templated":true}]}}

<p class="has-theme-palette-3-color has-text-color has-link-color wp-elements-6167286a9464f7f4c1cf6439ba3d2747">È stato indetto un bando di selezione per l’ammissione al corso attivato nell&#8217;ambito del Programma iOS Foundation finalizzato allo sviluppo iOS.</p>



<p><a href="https://applefoundation.unisannio.it/wp-content/uploads/2025/09/DD-n.267.2025_BANDO-DI-AMMISSIONE-ALLIEVI-IOS_2025_2_signed.pdf">Bando di selezione iOS Settembre/Ottobre 2025</a></p>



<p></p>



<p class="has-theme-palette-3-color has-text-color has-link-color wp-elements-1b03a12fce101f27a75dc5303c46cbd5">Il corso avrà una durata di quattro settimane e si terrà a partire dal 29 Settembre 2025 e terminerà il 24 Ottobre 2025.</p>



<p class="has-theme-palette-3-color has-text-color has-link-color wp-elements-8cb5ad1acfa0fe8652d94313ee9e8161">Il calendario del corso sarà il seguente:</p>



<ul class="wp-block-list">
<li class="has-theme-palette-3-color has-text-color has-link-color wp-elements-ddb0fbba3f347bfc7436079146e544af">29/09/2025 – 17/10/2025: attività di formazione;</li>



<li class="has-theme-palette-3-color has-text-color has-link-color wp-elements-be8ea993bc13ec48d2e0a37d9395c588">20/10/2025 – 24/10/2025: sviluppo applicazione.</li>
</ul>



<p class="has-theme-palette-3-color has-text-color has-link-color wp-elements-fb5537dcd2f72da037f67b0772bb7fcc">La partecipazione è aperta a:</p>



<ul class="wp-block-list">
<li class="has-theme-palette-3-color has-text-color has-link-color wp-elements-e8bdb43ce65420adf6f0790aeacef166">studenti iscritti ad uno dei corsi di Laurea Triennale/Magistrale erogati dall&#8217;Università degli Studi del Sannio;</li>



<li class="has-theme-palette-3-color has-text-color has-link-color wp-elements-d2b776f460a2c0fb071d7d719d9c8d9d">studenti esterni all&#8217;Ateneo.</li>
</ul>



<p class="has-theme-palette-3-color has-text-color has-link-color wp-elements-160ad6edc28de91be77c4cda0ffe1e33">La richiesta di ammissione va compilata online attraverso i seguenti link:</p>



<ul class="wp-block-list">
<li class="has-theme-palette-3-color has-text-color has-link-color wp-elements-c1e220603eb9ed41f95d84b03c3ab3e5">per gli studenti iscritti all&#8217;Università del Sannio -&gt;&nbsp;<a href="https://applefoundation.unisannio.it/index.php/iscritti-alluniversita-del-sannio/">Iscritti all&#8217;Università del Sannio</a></li>



<li class="has-theme-palette-3-color has-text-color has-link-color wp-elements-2e0adf755fb2341c172486cf66b5dc2d">per gli studenti esterni all&#8217;Università del Sannio -&gt;&nbsp;<a href="https://applefoundation.unisannio.it/index.php/esterni-alluniversita-del-sannio/">Esterni all&#8217;università del Sannio</a></li>
</ul>



<p class="has-theme-palette-3-color has-text-color has-link-color wp-elements-c805b53801a11dcba8b865f479620bc8"><strong>La scadenza per la presentazione della richiesta di ammissione è fissata alle ore 12:00 del 13/01/2025.</strong></p>



<p></p>

<p>È stato indetto un bando di selezione per l’ammissione al corso attivato nell&#8217;ambito del Programma iOS Foundation finalizzato allo sviluppo iOS. Bando di selezione iOS Settembre/Ottobre 2025 Il corso avrà una durata di quattro settimane e si terrà a partire dal 29 Settembre 2025 e terminerà il 24 Ottobre 2025. Il calendario del corso sarà&#8230;</p>
